composite?
True
Is 57306433 prime?
True
Is 115753633 prime?
True
Is 146686607 a composite number?
False
Is 897497 a prime number?
True
Is 298829 composite?
True
Is 36369007 a prime number?
False
Is 2541391 a prime number?
True
Is 1286709917 a prime number?
False
Is 1327311541 composite?
False
Is 125539627 a composite number?
True
Is 4011629 a composite number?
True
Is 7789181 a prime number?
True
Is 2841893 a prime number?
True
Is 4388633 composite?
True
Is 3324793 a prime number?
True
Is 2833669 prime?
False
Is 16224301 composite?
False
Is 114221 composite?
False
Is 1356209 prime?
False
Is 7973159 a prime number?
True
Is 9820547 prime?
False
Is 4137223 a composite number?
False
Is 924899 a prime number?
False
Is 105259489 prime?
False
Is 36655561 composite?
True
Is 1675241 a composite number?
True
Is 10631631 a prime number?
False
Is 358876207 a composite number?
False
Is 312436765 a prime number?
False
Is 2120693 a prime number?
True
Is 1243351 a composite number?
True
Is 1570993 prime?
False
Is 26023079 composite?
True
Is 58101369 composite?
True
Is 121213 prime?
False
Is 14168159 prime?
False
Is 276996703 composite?
True
Is 501887 a composite number?
True
Is 666034073 a composite number?
False
Is 26231729 a prime number?
True
Is 3508591 prime?
True
Is 194916989 a composite number?
False
Is 61142729 a composite number?
True
Is 812873 a composite number?
True
Is 5891747 prime?
False
Is 91442047 prime?
True
Is 26238859 composite?
False
Is 2372093 a composite number?
True
Is 14789967 a composite number?
True
Is 1297033 prime?
False
Is 264482099 a prime number?
False
Is 1735411571 prime?
False
Is 39433367 composite?
False
Is 46767361 a prime number?
True
Is 785369 a prime number?
False
Is 2234303 a prime number?
True
Is 547546 a composite number?
True
Is 497357713 a prime number?
False
Is 61673947 a composite number?
False
Is 65603431 prime?
True
Is 32401 a composite number?
False
Is 124743127 a prime number?
False
Is 206160271 prime?
True
Is 155175333 a prime number?
False
Is 453041 a prime number?
False
Is 387773 composite?
True
Is 3520597 a prime number?
True
Is 4661 prime?
False
Is 143327113 a composite number?
True
Is 25493011 composite?
True
Is 2482313 composite?
True
Is 65974801 a composite number?
False
Is 7052809 prime?
True
Is 1919839 composite?
False
Is 18030041 prime?
True
Is 153589253 prime?
True
Is 58784903 a prime number?
True
Is 1373143 a prime number?
False
Is 650393641 prime?
False
Is 788209 a prime number?
True
Is 236078894 a prime number?
False
Is 3611185 composite?
True
Is 539039 a prime number?
True
Is 2161261 prime?
False
Is 1320149 a prime number?
True
Is 12838534 a prime number?
False
Is 3316141 a prime number?
False
Is 30750677 composite?
False
Is 17897239 a prime number?
True
Is 15419351 a prime number?
True
Is 108527 prime?
False
Is 170637407 composite?
False
Is 837137 a prime number?
False
Is 2028187 composite?
True
Is 97623879 composite?
True
Is 85515773 a prime number?
False
Is 2587639 composite?
False
Is 35099093 a prime number?
True
Is 7432921 composite?
False
Is 52120427 a composite number?
False
Is 38658359 composite?
True
Is 362189 a composite number?
True
Is 28477421 a prime number?
False
Is 200489 prime?
False
Is 23978111 a composite number?
False
Is 160861 a composite number?
False
Is 170606993 a prime number?
True
Is 523010101 a prime number?
True
Is 3615067 composite?
True
Is 53588299 prime?
True
Is 1214071 composite?
True
Is 40091687 a composite number?
False
Is 7186451 a composite number?
True
Is 45450703 a prime number?
False
Is 876786089 a composite number?
False
Is 17346037 a composite number?
False
Is 300463 a composite number?
False
Is 6259193 a prime number?
True
Is 37388591 prime?
False
Is 502247 a prime number?
True
Is 52387891 composite?
True
Is 3680837 prime?
True
Is 638235853 composite?
False
Is 44461717 prime?
True
Is 6068101 a prime number?
False
Is 85506487 a composite number?
True
Is 173510651 a composite number?
False
Is 149903737 a composite number?
False
Is 219809 prime?
True
Is 141569479 a composite number?
False
Is 4181321 composite?
False
Is 6417121 composite?
False
Is 33613537 a composite number?
False
Is 63330451 prime?
True
Is 218543 prime?
False
Is 111232021 a prime number?
True
Is 47144257 a composite number?
False
Is 155711063 composite?
True
Is 1292437 prime?
False
Is 385349111 a composite number?
True
Is 20730991 composite?
False
Is 307963 composite?
True
Is 978449 composite?
False
Is 15683867 a composite number?
True
Is 22821737 composite?
False
Is 322171643 a prime number?
False
Is 594593 composite?
True
Is 10520291 composite?
False
Is 10699361 a composite number?
False
Is 6649919 composite?
False
Is 126618851 a composite number?
False
Is 7623145 a prime number?
False
Is 25004099 prime?
True
Is 3732761 a prime number?
True
Is 2654341 a prime number?
False
Is 6765547 composite?
True
Is 18594931 a composite number?
False
Is 8984593 a prime number?
True
Is 65949991 prime?
True
Is 13002091 prime?
True
Is 2530531 a composite number?
True
Is 33821135 a prime number?
False
Is 4859123 prime?
True
Is 51432385 a composite number?
True
Is 59132087 a composite number?
True
Is 3825163 a prime number?
False
Is 151506379 a prime number?
False
Is 714199 prime?
True
Is 6149197 a prime number?
True
Is 31434973 a prime number?
True
Is 324253 composite?
True
Is 33832493 a composite number?
True
Is 14551213 composite?
False
Is 275493151 a prime number?
True
Is 14386809 a prime number?
False
Is 414311 a composite number?
False
Is 8617073 composite?
False
Is 3279223 composite?
True
Is 706109 composite?
False
Is 80125237 a prime number?
False
Is 7781253 prime?
False
Is 113236089 composite?
True
Is 783089 a composite number?
False
Is 617509 prime?
True
Is 4002499 prime?
True
Is 579239 a prime number?
True
Is 46312897 a prime number?
True
Is 4268881 a composite number?
False
Is 129440107 composite?
True
Is 3919711 prime?
True
Is 713227 prime?
True
Is 44981029 prime?
True
Is 224665579 a composite number?
False
Is 2062477 composite?
False
Is 83217163 composite?
False
Is 3099059 a composite number?
False
Is 9372061 prime?
False
Is 37324801 a composite number?
True
Is 5119529 prime?
True
Is 3958109 a composite number?
False
Is 13233281 a composite number?
False
Is 538961159 composite?
True
Is 87172885 prime?
False
Is 21858979 prime?
True
Is 3461123 a prime number?
True
Is 79378465 prime?
False
Is 9573339 composite?
True
Is 6272657 a prime number?
False
Is 82699 prime?
True
Is 96169729 a composite number?
False
Is 51720661 a prime number?
False
Is 4187726 prime?
False
Is 13466807 prime?
True
Is 1641719 a prime number?
False
Is 17382003 prime?
False
Is 214274191 a prime number?
False
Is 385928369 prime?
True
Is 108508415 a prime number?
False
Is 3552491 composite?
False
Is 54681131 prime?
False
Is 1499041 composite?
False
Is 50976781 a composite number?
False
Is 808591 composite?
True
Is 101273207 composite?
True
Is 1404215 composite?
True
Is 9247339 a composite number?
False
Is 2475442 a prime number?
False
Is 36171349 composite?
True
Is 45589967 a prime number?
False
Is 689224657 composite?
True
Is 252010093 prime?
False
Is 9036557 a composite number?
True
Is 7246574 a composite number?
True
Is 7464371 a prime number?
True
Is 16159655 a prime number?
False
Is 6961271 prime?
True
Is 1398491 prime?
False
Is 4368535 composite?
True
Is 3136589 prime?
True
Is 9845263 prime?
True
Is 466707281 composite?
True
Is 3556087 a composite number?
False
Is 9881951 a prime number?
True
Is 40538609 a prime number?
False
Is 13803917 a prime number?
True
Is 60331807 a composite number?
True
Is 44091379 a prime number?
True
Is 36014813 prime?
True
Is 67493597 composite?
True
Is 18058807 a prime number?
False
Is 4943909 composite?
True
Is 191836129 a prime number?
True
Is 800882 a prime number?
False
Is 6228349 a prime number?
False
Is 958009 composite?
True
Is 900107 composite?
True
Is 3351841 a prime number?
True
Is 688866119 composite?
False
Is 233950231 a prime number?
False
Is 110409937 a composite number?
True
Is 12175847 prime?
True
Is 84388019 a composite number?
False
Is 285251 a composite number?
False
Is 16764899 prime?
True
Is 223523759 prime?
False
Is 14417549 composite?
False
Is 38636489 a composite num